, 11
Let g(b) = -3*b - 26. What are the prime factors of g(-17)?
5
Let x be -6*(0 + (-12)/9). Suppose -i + x = -3. What are the prime factors of i?
11
Let j(z) = z**3 - z + 4. Let g be j(0). Let t = -2 + g. What are the prime factors of (-1 - -1)/t + 11?
11
Let s(x) = -4*x + 4. Let d be s(11). Let a = d - -69. What are the prime factors of a?
29
Let c(g) = 16*g**3 - g**2 + g. Let w be c(1). What are the prime factors of ((-264)/w)/((-1)/2)?
3, 11
Suppose 336 = 4*c - 2*o, 4*c - o - 332 = 2*o. Suppose 12 = -2*d + c. List the prime factors of d.
37
Suppose 3*d + 5 = 2*i - 5, 4*i = 5*d + 14. Suppose 0*y + 5*p = y + 23, -4*p - 20 = 4*y. Let l = d - y. List the prime factors of l.
2
Suppose -4*w = 2*m + 54, -2*w + 54 = -0*m - 2*m. Let d = -12 - m. What are the prime factors of d?
3, 5
Suppose 3*s = 0, 4*i - 848 = -7*s + 3*s. List the prime factors of i.
2, 53
Let a(x) = -x**2 + 12*x - 2. Let d be a(12). What are the prime factors of (-3)/4*(-6 - d)?
3
Let l(d) = 6 - 4*d - 5 + 5*d - 25*d**3. List the prime factors of l(-1).
5
Let n = 45 + 9. What are the prime factors of n?
2, 3
Suppose 5*w - 9*w = -272. List the prime factors of w.
2, 17
Suppose -692 = -4*j - 2*t, 0 = 3*t + 4 + 8. What are the prime factors of j?
5, 7
Suppose -2*x + 264 = -0*x. Suppose -2*h - x = -5*h. Suppose 0 = d + 3*d - h. List the prime factors of d.
11
Let t(i) = -i**2 + i - 1. Let u(o) = -5*o**2 - 5*o - 11. Let b(l) = -4*t(l) + u(l). What are the prime factors of b(-7)?
7
Let s = 52 + 36. Suppose -2*z = 3*i - 4*z - 64, -4*i + 2*z = -s. Suppose -4*w + 4 + i = 0. What are the prime factors of w?
7
Let w(s) = s**3 - s**2 - s - 3. Let j be w(0). Let u(b) be the first derivative of -b**4/4 - b**3/3 + b**2/2 - 3*b - 1. What are the prime factors of u(j)?
2, 3
Let o be 94/18 - (-2)/(-9). Let u = -11 + o. What are the prime factors of (u/4)/(18/(-96))?
2
Let f(o) = 17*o**2 - 2*o - 1. What are the prime factors of f(2)?
3, 7
Suppose -3*r + 5 = 2, 68 = 4*b + 4*r. List the prime factors of b.
2
Let y(s) = s**3 + s**2 - 3*s - 2. Let o be y(-3). Let v = -6 - o. Suppose v*h - 71 = -6. List the prime factors of h.
13
Suppose 0*f - 43 = -f + 2*d, 3*f - 102 = -3*d. List the prime factors of f.
37
Let f(p) = -p**3 + p**2 - p - 3. Let i be f(3). What are the prime factors of (-2)/1 - (8 + i)?
2, 7
Let y(i) = -6*i**3 - i**2 + 1. Let m be y(1). Let x(v) = 3*v - 6 - 2*v**3 + 7*v**2 + v**3 + 2*v**3. What are the prime factors of x(m)?
2, 3
Suppose -k = -4*k + 9. List the prime factors of k/2 - (-46)/4.
13
Let x(v) = v**3 + 2*v**2 - 2*v - 2. What are the prime factors of x(-2)?
2
Suppose -6*g = -2*g. Suppose -2*l + 25 = -y, g*y - y = -3*l + 38. What are the prime factors of l?
13
Let f(w) = 2*w + 7. Let g(n) = -n. Let h(b) = -f(b) - 4*g(b). Let r be h(5). Suppose -2*a = z - 3, z - 2*z + r*a = -23. List the prime factors of z.
11
Let v(y) = 8*y**3 - 7*y**2 + 2*y - 8. Let b(f) = -7*f**3 + 7*f**2 - 3*f + 8. Let a(s) = -7*b(s) - 6*v(s). What are the prime factors of a(6)?
2, 5
Suppose -3*u = -5*j + 524, 2*j + 3*u - 194 = -u. List the prime factors of j.
103
Suppose 5*w + 1922 = -0*r - r, -3 = -r. What are the prime factors of 1/(-4) - w/20?
19
Let z be ((-8)/(-6))/((-1)/(-3)). Suppose t + 17 = 4*b, 0 = -2*b + 4*t + 9 + 3. Let v = b + z. List the prime factors of v.
2
Suppose 5*i - 1 = 369. List the prime factors of i.
2, 37
Let w be -6*(-3 - -2) - 0. Let n = 20 - w. What are the prime factors of n?
2, 7
Let q(v) = v + 4. Let h(k) = 3*k + 12. Let s(z) = 4*h(z) - 11*q(z). Let w be s(-3). Suppose w - 31 = -5*d. List the prime factors of d.
2, 3
Suppose -4*b = -123 - 5. Suppose 4*d - k - 73 = 0, -d - 2*k + b = -5*k. List the prime factors of d.
17
Let q(y) = y**2 - 4*y + 2. Let z be q(6). Suppose -3*p + 3 = 0, -2*p + 42 = i + z. What are the prime factors of i?
2, 13
Let p(u) = u**3 - 5*u**2 - 9. What are the prime factors of p(7)?
89
Suppose y - 1 = 2. Suppose -2*q + 0*s + 86 = -y*s, -20 = -5*s. What are the prime factors of q?
7
Let n be (18/(-8))/(2/(-24)). Let g = n - 13. What are the prime factors of g?
2, 7
Suppose 2*g - g - 109 = 3*i, 2*g = -3*i + 173. List the prime factors of g.
2, 47
Suppose -2*x + 27 - 10 = 5*i, i + x - 4 = 0. What are the prime factors of 8 - (3 - 2)*i?
5
Let b(t) = 1. Let f(m) = m + 1. Let r(j) = -2*b(j) - f(j). List the prime factors of r(-8).
5
Let w(z) be the second derivative of -z**3/3 - 3*z**2 - 3*z. Let n be w(-8). Suppose 2*c - n = -0*c. What are the prime factors of c?
5
What are the prime factors of ((-576)/60)/(5/(150/(-4)))?
2, 3
Let x = 18 + 16. Suppose 3*z - 8*z - 42 = -3*s, -5*z + x = s. List the prime factors of s.
19
Let d(y) be the third derivative of -y**6/12 + y**4/24 + y**3/6 - y**2. Suppose -4*g - 7 = -3. List the prime factors of d(g).
2, 5
Let n be 3*6/9 - -2. Suppose -2*s + 3*s - 3 = -n*a, -5*s - a = -91. List the prime factors of s.
19
Let z = -2 + 6. Suppose 0 = z*g + 11 - 31. Suppose -g*r + i = -64, 2*r - 4*i + 32 = 6*r. What are the prime factors of r?
2, 3
Suppose -2*j = 4*j - 264. List the prime factors of j.
2, 11
Suppose -5*w + 124 = -11. List the prime factors of w.
3
List the prime factors of ((-276)/(-16))/(1/4).
3, 23
Suppose 177 = 4*a - a. Suppose u = -3*j + a, 4*j - 4*u + 56 = 6*j. List the prime factors of j.
2, 3
List the prime factors of 6 + -3 + (-3 - -5).
5
Let r(p) = 22*p**2 + 2*p + 4. List the prime factors of r(-2).
2, 11
Let o = -10 + 13. List the prime factors of o.
3
Let v be 2/(-4)*-8 - -2. Let s = v + -8. What are the prime factors of ((s - -3) + 6)*1?
7
Let v(l) = -3*l + 1. Let c be v(-4). Let a = 11 - 8. Suppose -u = a - c. What are the prime factors of u?
2, 5
Let g = 11 + -6. Suppose -g*j = -7 - 8. Suppose j*h = 2 + 10. What are the prime factors of h?
2
Let z(f) = 3*f + 2. Let b be z(-4). List the prime factors of (-4)/b + (-69)/(-15).
5
Suppose -5*o + 10*o = 95. What are the prime factors of o?
19
What are the prime factors of (-126)/(-1)*(-1)/(-2)?
3, 7
Suppose 0 = -a - n - 8, -5*a - 50 = 3*n - 0. Let x be -2 - (a/(-1))/(-1). Suppose -3*t - x = -44. What are the prime factors of t?
11
Let x(u) = -u**2 - 6*u - 5. Let c be x(-5). Suppose -2*z + 25 - 5 = c. Suppose -5*w = -25 - z. List the prime factors of w.
7
Suppose -16 = z - 4*v - 63, v = -5. Let q = z + -13. What are the prime factors of q?
2, 7
Let j(v) = -11*v - 1. Let p be j(-2). Let w(f) = -f**3 + f + 216. Let r be w(0). List the prime factors of r/p - (-6)/(-21).
2, 5
Suppose 9 = 5*i + 2*m, -3*i - 3*m + 7 = -2. Let x = i - -1. What are the prime factors of x?
2
Let i(t) = 11 - 3 + 3 - 2 + 2*t**2 + 4*t. What are the prime factors of i(-5)?
3, 13
Suppose -5*n + 0 + 10 = 0. List the prime factors of (-3)/n*8/(-3).
2
Let k(x) = 2*x**2 - 2*x. Let l be (1 - (-2 - -3)) + 4. List the prime factors of k(l).
2, 3
List the prime factors of (-2126)/(-14) + (4 + 0)/28.
2, 19
Let l be (-225)/(-10)*4/5. What are the prime factors of 3 + 0 + l/6?
2, 3
Let d be 129/(-6) - (-1)/(-2). Let m = -10 - d. Let q = m - 4. List the prime factors of q.
2
Let j be 6/(-33) + 4/22. Suppose j = -5*g + 24 + 41. What are the prime factors of g?
13
Let b = -35 - -73. List the prime factors of b.
2, 19
What are the prime factors of ((-12)/12)/((-2)/94)?
47
Let g be (-3)/3*2 - -7. Suppose 0 = -g*y + 235 - 25. Suppose 5*q - y = 3. What are the prime factors of q?
3
Let p(r) = -r**3 + 10*r**2 + r + 14. Let y be p(10). Suppose -3*g = -3*s + y, -3*g + 64 - 10 = 3*s. What are the prime factors of s?
13
Suppose -5*m - 5 + 25 = 0. Let f(j) = -8*j + 0*j**2 + 10 - m + j**2. What are the prime factors of f(8)?
2, 3
Let c(a) = a**2 + 5*a. Let h be c(-6). Let y be (-16)/h*114/(-8). Suppose 4*v - y = -2*n, -n + 3*v = -2 - 2. List the prime factors of n.
13
Let r(u) be the first derivative of -u**4/4 - u**3/3 + u**2 + 2*u + 1. List the prime factors of r(-2).
2
Let i = -22 + 79. What are the prime factors of i?
3, 19
Let u(z) = -z**3 + 7*z**2 + 7*z + 11. Let a be u(8). Let q(w) = 2*w - 2. What are the prime factors of q(a)?
2
Suppose 0 = 3*t - 478 + 22. List the prime factors of t.
2, 19
Suppose -66 = -g - 5*g. What are the prime factors of g?
11
Let m(k) = k**3 - 5*k**2 + 4. Let f be m(5). Suppose -5*h + 16 = -f*l, -l + 14 = -3*l + 4*h. Let r(q) = 20*q**2 - q. List the prime factors of r(l).
19
Suppose 9*n